 -l - 3*l - 4848, -4*l + 3*q = 4828. Let h = 1188 - l. What is the tens digit of h/(-33)*(-3)/2?
0
Let f(i) = 377*i + 2682. What is the thousands digit of f(61)?
5
Let h be (-36)/(-14) + -3 - 1024/28. What is the units digit of -206*(-4)/(-16)*(h - -11)?
9
Let c be 29 + ((6 - 7) + 2)*-7. Suppose 2*x + 3*x - 105 = 0. Suppose -x*i - 35 = -c*i. What is the tens digit of i?
3
Let b(v) = -v**2 + 5*v + 8. Let m be b(3). Let j(i) = 5*i - 17 + 2*i - 7. What is the units digit of j(m)?
4
Let t = -155 + 157. Suppose 3*u - 218 = -u + 3*l, -t*l = 4*u - 208. What is the units digit of u?
3
Suppose 12115*x = 12109*x + 150. Let g = -121 + 173. What is the hundreds digit of g/((-40)/x - -2)?
1
Suppose 19688 = 2*f + 4*m, 4*m + 9826 = -19*f + 20*f. What is the hundreds digit of f?
8
Let t(z) = 7*z**3 - 2*z**2 + 12*z - 71. Let m be t(9). Suppose 12130 = 13*l - m. What is the hundreds digit of l?
3
Suppose -5*w + x = 2*x - 23, 4*w - 28 = -4*x. Let u(s) = -2 - 1 + 3*s - w*s + 13*s**2 + 2*s**2. What is the hundreds digit of u(3)?
1
Let n(l) = -l**3 + 15*l**2 - 5*l - 17. Let t be n(10). Suppose -x - 4*b + 6*b + t = 0, 5*b - 2195 = -5*x. What is the tens digit of x?
3
Suppose 0 = -19*b + 4*b + 39999 - 7539. What is the hundreds digit of b?
1
Let d(a) = a**3 + 50*a**2 - 25*a + 3. What is the thousands digit of d(-17)?
9
Suppose 5*j = 8*j - 3*h - 117, -170 = -4*j - 3*h. Suppose -10881 = -8*n - j. What is the thousands digit of n?
1
Let t = 10 + -5. Suppose 3*h = 4*c - 42, -t*h = -c - 2*c + 26. Suppose c*r - 9*r = 252. What is the units digit of r?
4
Let q(h) = 891*h**2 + 3*h + 1. Suppose 5*f = 3*r + 4*f, -4*r = 2*f + 10. What is the hundreds digit of q(r)?
8
Let k(g) = 3520*g - 6462. What is the units digit of k(9)?
8
What is the units digit of (-864)/54*28485/(-20)?
8
Suppose 41*i - 270669 = 197182. What is the ten thousands digit of i?
1
Let k(s) = -2*s**2 - 12*s + 17. Let z be k(-7). Let g be 1 + z + 1 - (0 + 1). Suppose -5*j - 188 = -w, -j - 676 = -0*w - g*w. What is the tens digit of w?
6
Let q = -223 + 526. Suppose 7*z + 3*y - 151 = 5*z, 4*z = -5*y + q. Let f = z + -45. What is the tens digit of f?
3
Let g(a) = 5*a + 22. Let m be g(5). Suppose -37*c - 2120 = -m*c. What is the units digit of c?
2
Suppose 0 = 3*h + v - 17, 3*v + 5 = 4*v. Suppose 899 + 690 = q - h*t, -4*q + 6461 = 5*t. What is the hundreds digit of q?
6
Let v(l) = -l + 15. Let z be v(10). Suppose -853 = -0*x - 3*x - 4*s, 0 = 3*x - z*s - 871. What is the hundreds digit of x?
2
Let w(d) = -d**3 + 36*d**2 - 58*d + 167. What is the tens digit of w(19)?
0
Suppose 23 = 30*j - 97. Suppose 3*u + 3*g = 177, 238 = j*u - g + 6*g. What is the units digit of u?
7
Let i = -4285 + 19007. What is the units digit of i?
2
Let p(r) = -13*r**2 - 38*r - 2. Let i(f) = 29*f**2 + 77*f + 5. Let l(s) = 4*i(s) + 9*p(s). What is the tens digit of l(-20)?
8
Suppose 7*b - 106 = -50. What is the units digit of (-66)/b*(-360)/27?
0
Suppose -4*p = -4*c + 52592, 4*p - 68238 = -4*c - 15590. What is the hundreds digit of c?
1
Suppose 0 = 5*j + 2*f - 832, -j + 170 = 4*f - 0*f. What is the tens digit of 30/(-30) + 0 + j?
6
Let j(m) = 846*m**2 - 193*m + 15. What is the hundreds digit of j(4)?
7
Let f = 9155 - -36721. What is the tens digit of f?
7
Let b = 67 + -72. Let h(d) = -130*d - 84. What is the hundreds digit of h(b)?
5
Let d(o) = 656*o - 2056. What is the tens digit of d(51)?
0
Let t(w) = 546*w**3 - 28*w**2 + 54*w + 4. What is the thousands digit of t(2)?
4
Let y be 3/(-2) - 144/(-32). Let v be (2 + y/(-3))/1. Suppose -4*r + 193 - v = 0. What is the tens digit of r?
4
Let h = 10419 - 7042. What is the units digit of h?
7
Suppose -14185 = -2*g - j + 10810, 5*j = 5*g - 62480. What is the ten thousands digit of g?
1
Suppose -15*i - 117531 + 140016 = -230130. What is the tens digit of i?
4
Let b(h) = 5*h**3 - 4*h**2 - 8*h + 2. Suppose -7*i = -1 - 20. Suppose -4*l - 4*m + 36 = -0*l, -i*m + 19 = l. What is the units digit of b(l)?
6
Suppose 38*t = 23*t + 420. What is the tens digit of -38*(3 + 1 - 3 - t)?
2
Let m(b) = 3*b + b - 11*b - 6 - 21*b. What is the tens digit of m(-15)?
1
Let l(u) = -u**3 + u**2 - u + 28. Let n be l(0). Let z = n - 21. Suppose 0 = -9*t + z*t + 152. What is the units digit of t?
6
Let p be 2/17 - 0 - (-129720)/(-85). Let q = p + 2571. What is the thousands digit of q?
1
Suppose -35*h + 3395904 = 82*h - 25*h. What is the tens digit of h?
1
What is the units digit of 9030 - 3 - (24 - 18)*(-3)/(-18)?
6
Suppose -96061 = -24*y + 167027. Suppose 55*n - 61*n = -y. What is the hundreds digit of n?
8
Let t be (0/3)/((-9)/9). Suppose 3*a - 4239 + 873 = t. What is the units digit of a?
2
Suppose 4*a = -966 - 1026. Let d = 907 + a. What is the hundreds digit of d?
4
Let x(s) = -3*s - 14. Let j be x(-5). Let l be (-3)/j*(-10)/3. What is the tens digit of 3 - 4*(-45)/l?
2
Suppose -30 = -5*h, -4*n + 12*h + 17514 = 7*h. What is the thousands digit of n?
4
Let w(o) = -o**3 - 35*o**2 + 2*o + 7. Let j be w(-36). Let y = 2112 - j. What is the hundreds digit of y?
8
What is the units digit of 111*106 - (-2 - (-6 - -4))/(-3)?
6
Let m(n) = -n**3 + 9*n**2 + 2*n - 15. Let l be m(9). Let f be l*(-8)/12*-3. Suppose -10*r + 216 = -f*r. What is the units digit of r?
4
Let d = 32671 - 8848. What is the ten thousands digit of d?
2
Let i be ((-400)/(-2) - 3)*(-12)/(-2). What is the tens digit of 6/(-4)*i/(-9)?
9
Suppose -5*v + 29 = 14. Suppose -4*y + 431 = 6*k - k, 3*y + 237 = v*k. Let j = k - 13. What is the tens digit of j?
7
Let n(j) = -8*j**2 + 8*j + 0*j - 5 - j**3 - 17*j. What is the units digit of n(-8)?
7
Let z(r) = 1367*r**2 + 35*r + 13. What is the ten thousands digit of z(-3)?
1
Let w(c) = c**3 + 11*c**2 + 9*c - 7. Let y be w(-10). Let b be ((-284)/(-16) + y)*4. Suppose -6*p + b + 139 = 0. What is the tens digit of p?
3
Suppose -251*i - 24*i + 7038900 = 0. What is the units digit of i?
6
Let n = -13016 - -33443. What is the hundreds digit of n?
4
Let y(i) = 730*i**2 + 24*i + 146. What is the units digit of y(-5)?
6
Let a be 2*(-14)/(-8)*236. Suppose -5*s = -2*f - 0*f + a, -2*s = -f + 330. What is the tens digit of (12/(-8))/(s/160 - -1)?
4
Let s(t) = t**3 - 22*t**2 - 50*t + 44. Let l be s(24). Let p(n) = 23*n**2 - n + 6. What is the units digit of p(l)?
8
Suppose j = 389 + 16. Let z = -242 + j. What is the tens digit of z?
6
Suppose 7*p - 1464 = p. Let s be (p/16)/(1/(-8)). Let i = 129 + s. What is the units digit of i?
7
Suppose -47*o = -53*o. What is the units digit of o + 0 + -4 + 4 + 143?
3
What is the hundreds digit of (-35727)/(-2)*(-13 + 16 + -1)?
7
Let g(b) = -35*b**3 + 2*b**2 - 4*b + 23. Let t be g(-4). Let n = -1355 + t. What is the hundreds digit of n?
9
Let t(h) = -1013*h + 883. What is the thousands digit of t(-7)?
7
Suppose c - 7110 = 2*b, 3*b + 41 = 29. Suppose -5*k + 3*k = 5*j - c, -3*j + 4274 = -2*k. What is the tens digit of j?
2
Let q = 0 - -1. Let i(c) be the first derivative of 233*c**4/4 + 2*c**3/3 - c**2 + c + 4073. What is the hundreds digit of i(q)?
2
Let y be (7/(-3) + (20 - 16))*3. Suppose -18 = 3*j - 5*s - 716, 0 = 4*j + y*s - 919. What is the hundreds digit of j?
2
Suppose 3*d - 5*a + 327 = -4*a, -2*d - 218 = a. Let q be (10/(-6))/(4/(-1 - d)). What is the units digit of (-6)/q - 6652/(-60)?
1
Let q = 280 + -44. Suppose -37 - q = -7*s. Suppose 3*o - 175 + s = 5*m, -3*o + 148 = -2*m. What is the tens digit of o?
5
Let j(h) = h**3 + 2*h**2 - 4*h - 5. Let d be j(-2). Suppose r + 1595 = 2*k, r - 2394 = -d*k + 2*r. What is the units digit of k?
9
Let j = 3967 - -8718. What is the units digit of j?
5
Let o = 23675 - 21510. What is the units digit of o?
5
Suppose 81 + 34 = 3*h - s, 45 = h + s. Suppose 20 - h = 5*d. What is the units digit of (-3 + (-428)/(-4))*d/(-8)?
2
Suppose 5*y + 228 = 203, -y = 5*q - 175285. What is the ten thousands digit of q?
3
Let a = -2 - -7. Suppose 4*w = -5*h + 16, 136*w = 137*w + 4*h - 4. Suppose a*c - 2*j - 855 = -4*j, -2*c = w*j - 342. What is the tens digit of c?
7
Let q be (-150 - 0)/((-9)/((-27)/(-6))). Suppose -3*x + 12 = -4*x - 3*h, -q = 3*x - 4*h. Let g(s) = -4*s - 29. What is the units digit of g(x)?
5
Let u = -264 + 322. What is the hundreds digit of (-3035)/(-9) - u/261?
3
Suppose 0 = 6*u - 29*u. Suppose 0 = 4*v - y - 514, u*v + 5*v - 2*y = 644. What is the hundreds d